{"id":47,"date":"2022-07-16T22:12:52","date_gmt":"2022-07-16T20:12:52","guid":{"rendered":"http:\/\/pibborski.pl\/?page_id=47"},"modified":"2022-07-16T22:42:48","modified_gmt":"2022-07-16T20:42:48","slug":"historia-firmy","status":"publish","type":"page","link":"http:\/\/pibborski.pl\/?page_id=47","title":{"rendered":"Rzut historyczny"},"content":{"rendered":"\t\t<div data-elementor-type=\"wp-page\" data-elementor-id=\"47\" class=\"elementor elementor-47\">\n\t\t\t\t\t\t\t\t\t<section class=\"elementor-section elementor-top-section elementor-element elementor-element-15bace1e elementor-section-boxed elementor-section-height-default elementor-section-height-default\" data-id=\"15bace1e\" data-element_type=\"section\">\n\t\t\t\t\t\t<div class=\"elementor-container elementor-column-gap-default\">\n\t\t\t\t\t<div class=\"elementor-column elementor-col-100 elementor-top-column elementor-element elementor-element-6fb3e632\" data-id=\"6fb3e632\" data-element_type=\"column\">\n\t\t\t<div class=\"elementor-widget-wrap elementor-element-populated\">\n\t\t\t\t\t\t\t\t<div class=\"elementor-element elementor-element-2d917ca2 elementor-widget elementor-widget-text-editor\" data-id=\"2d917ca2\" data-element_type=\"widget\" data-widget_type=\"text-editor.default\">\n\t\t\t\t<div class=\"elementor-widget-container\">\n\t\t\t<style>\/*! elementor - v3.6.7 - 03-07-2022 *\/\n.elementor-widget-text-editor.elementor-drop-cap-view-stacked .elementor-drop-cap{background-color:#818a91;color:#fff}.elementor-widget-text-editor.elementor-drop-cap-view-framed .elementor-drop-cap{color:#818a91;border:3px solid;background-color:transparent}.elementor-widget-text-editor:not(.elementor-drop-cap-view-default) .elementor-drop-cap{margin-top:8px}.elementor-widget-text-editor:not(.elementor-drop-cap-view-default) .elementor-drop-cap-letter{width:1em;height:1em}.elementor-widget-text-editor .elementor-drop-cap{float:left;text-align:center;line-height:1;font-size:50px}.elementor-widget-text-editor .elementor-drop-cap-letter{display:inline-block}<\/style>\t\t\t\t<div class=\"art-content-layout-wrapper layout-item-0\"><div class=\"art-content-layout layout-item-1\"><div class=\"art-content-layout-row\"><div class=\"art-layout-cell layout-item-2\" style=\"width: 100%;\"><p style=\"text-align: justify;\"><span style=\"font-family: Arial; text-align: justify; font-weight: bold;\">\u00a030 lat min\u0119\u0142o&#8230;<\/span><\/p><p style=\"text-align: justify;\"><span style=\"font-family: Arial; text-align: justify;\">\u00a0 \u00a0 \u00a0 Przedsi\u0119biorstwo Instalacyjno &#8211; Budowlane \u201eBORSKI\u201d zosta\u0142o za\u0142o\u017cone w 1988 roku przez Stanis\u0142awa Borskiego. W zmieniaj\u0105cej si\u0119 rzczywisto\u015bci powsta\u0142o ono w wyniku zapotrzebowanie na \u015bwiadczenie us\u0142ug dotycz\u0105cych budowy nowych i modernizacji isntniej\u0105cych sieci gazowych, ciep\u0142owniczych oraz wodno-kanalizacyjnych.\u00a0<\/span><\/p><p style=\"text-align: justify;\"><span style=\"font-family: Arial; text-align: justify;\">\u00a0 \u00a0 \u00a0 W tamtych czasach zminiaj\u0105ce si\u0119 realia i wzrost wymog\u00f3w bezpiecze\u0144stwa korzystania z\u00a0<\/span><span style=\"font-family: Arial;\">sieci dosy\u0142owych gazowych,\u00a0wodoci\u0105gowych i wodno &#8211; kanalizacyjnych da\u0142o pocz\u0105tek konieczno\u015bci modernizacji pozwalaj\u0105cych na wprowadzenie najnowszych technologii dostosowanych do potrzeb u\u017cytkownik\u00f3w, inwestor\u00f3w jak<br \/>r\u00f3wnie\u017c firm odpowiedzialnych za dostarczenie medi\u00f3w na wysokim poziomie jako\u015bciowym.\u00a0<\/span><\/p><p style=\"text-align: justify;\"><span style=\"font-family: Arial; text-align: justify;\">\u00a0 \u00a0 \u00a0 P.I.B. BORSKI od samego poczatku istnienia rozpocz\u0105\u0142 doskonalnie jako\u015bci wykonywanych us\u0142ug, opieraj\u0105c si\u0119 na najnowszych technologiach i materia\u0142ach zgodnych z najwy\u017cszymi standardami \u015bwiatowymi i d\u0142ogoletnim bezpiecznym u\u017cytkowaniem. Od samego pocz\u0105tku firma postawi\u0142a na jako\u015b\u0107 i solidno\u015b\u0107. \u00a0Zbierane do\u015bwiadczenie \u00a0i wykonywane prace zlecone przez ponad 30 lat zaowocowa\u0142o w efekcie zespo\u0142em klikunastu specjalist\u00f3w realizuj\u0105cym \u00a0nawet najbardziej z\u0142o\u017cone i du\u017ce projekty.\u00a0<\/span><\/p><p style=\"text-align: justify;\"><span style=\"font-family: Arial; text-align: justify;\">\u00a0 \u00a0 \u00a0 \u00a0 W miar\u0119 realizacji coraz wi\u0119kszych projekt\u00f3w baza sprz\u0119towa zosta\u0142a dostosowana do wysokich standard\u00f3w pozwalaj\u0105cych na realizacj\u0119 inwestycji na najwy\u017cszym poziomie zgodnie z oczekiwaniami inwestor\u00f3w a materia\u0142y u\u017cywane do realizacji spe\u0142niaja najwy\u017csze parametry jako\u015bciowe.<\/span><\/p><p style=\"text-align: justify;\"><span style=\"font-family: Arial; text-align: justify;\">\u00a0<\/span><\/p><p>\u00a0<a class=\"art-button\" href=\"http:\/\/pibborski.pl\/\">Powr\u00f3t<\/a>\u00a0<\/p><\/div><\/div><\/div><\/div>\t\t\t\t\t\t<\/div>\n\t\t\t\t<\/div>\n\t\t\t\t\t<\/div>\n\t\t<\/div>\n\t\t\t\t\t\t\t<\/div>\n\t\t<\/section>\n\t\t\t\t\t\t\t<\/div>\n\t\t","protected":false},"excerpt":{"rendered":"<p>\u00a030 lat min\u0119\u0142o&#8230; \u00a0 \u00a0 \u00a0 Przedsi\u0119biorstwo Instalacyjno &#8211; Budowlane \u201eBORSKI\u201d zosta\u0142o za\u0142o\u017cone w 1988 roku przez Stanis\u0142awa Borskiego. W zmieniaj\u0105cej si\u0119 rzczywisto\u015bci powsta\u0142o ono w wyniku zapotrzebowanie na \u015bwiadczenie us\u0142ug dotycz\u0105cych budowy nowych i modernizacji isntniej\u0105cych sieci gazowych, ciep\u0142owniczych oraz wodno-kanalizacyjnych.\u00a0 \u00a0 \u00a0 \u00a0 W tamtych czasach zminiaj\u0105ce si\u0119 realia i wzrost wymog\u00f3w bezpiecze\u0144stwa [&hellip;]<\/p>\n","protected":false},"author":1,"featured_media":0,"parent":44,"menu_order":4,"comment_status":"closed","ping_status":"closed","template":"","meta":[],"yoast_head":"<!-- This site is optimized with the Yoast SEO plugin v19.3 - https:\/\/yoast.com\/wordpress\/plugins\/seo\/ -->\n<title>Rzut historyczny -<\/title>\n<meta name=\"robots\" content=\"index, follow, max-snippet:-1, max-image-preview:large, max-video-preview:-1\" \/>\n<link rel=\"canonical\" href=\"http:\/\/pibborski.pl\/?page_id=47\" \/>\n<meta property=\"og:locale\" content=\"en_US\" \/>\n<meta property=\"og:type\" content=\"article\" \/>\n<meta property=\"og:title\" content=\"Rzut historyczny -\" \/>\n<meta property=\"og:description\" content=\"\u00a030 lat min\u0119\u0142o&#8230; \u00a0 \u00a0 \u00a0 Przedsi\u0119biorstwo Instalacyjno &#8211; Budowlane \u201eBORSKI\u201d zosta\u0142o za\u0142o\u017cone w 1988 roku przez Stanis\u0142awa Borskiego. W zmieniaj\u0105cej si\u0119 rzczywisto\u015bci powsta\u0142o ono w wyniku zapotrzebowanie na \u015bwiadczenie us\u0142ug dotycz\u0105cych budowy nowych i modernizacji isntniej\u0105cych sieci gazowych, ciep\u0142owniczych oraz wodno-kanalizacyjnych.\u00a0 \u00a0 \u00a0 \u00a0 W tamtych czasach zminiaj\u0105ce si\u0119 realia i wzrost wymog\u00f3w bezpiecze\u0144stwa [&hellip;]\" \/>\n<meta property=\"og:url\" content=\"http:\/\/pibborski.pl\/?page_id=47\" \/>\n<meta property=\"article:modified_time\" content=\"2022-07-16T20:42:48+00:00\" \/>\n<meta name=\"twitter:card\" content=\"summary_large_image\" \/>\n<meta name=\"twitter:label1\" content=\"Est. reading time\" \/>\n\t<meta name=\"twitter:data1\" content=\"2 minutes\" \/>\n<script type=\"application\/ld+json\" class=\"yoast-schema-graph\">{\"@context\":\"https:\/\/schema.org\",\"@graph\":[{\"@type\":\"WebSite\",\"@id\":\"http:\/\/pibborski.pl\/#website\",\"url\":\"http:\/\/pibborski.pl\/\",\"name\":\"\",\"description\":\"\",\"potentialAction\":[{\"@type\":\"SearchAction\",\"target\":{\"@type\":\"EntryPoint\",\"urlTemplate\":\"http:\/\/pibborski.pl\/?s={search_term_string}\"},\"query-input\":\"required name=search_term_string\"}],\"inLanguage\":\"en-US\"},{\"@type\":\"WebPage\",\"@id\":\"http:\/\/pibborski.pl\/?page_id=47\",\"url\":\"http:\/\/pibborski.pl\/?page_id=47\",\"name\":\"Rzut historyczny -\",\"isPartOf\":{\"@id\":\"http:\/\/pibborski.pl\/#website\"},\"datePublished\":\"2022-07-16T20:12:52+00:00\",\"dateModified\":\"2022-07-16T20:42:48+00:00\",\"breadcrumb\":{\"@id\":\"http:\/\/pibborski.pl\/?page_id=47#breadcrumb\"},\"inLanguage\":\"en-US\",\"potentialAction\":[{\"@type\":\"ReadAction\",\"target\":[\"http:\/\/pibborski.pl\/?page_id=47\"]}]},{\"@type\":\"BreadcrumbList\",\"@id\":\"http:\/\/pibborski.pl\/?page_id=47#breadcrumb\",\"itemListElement\":[{\"@type\":\"ListItem\",\"position\":1,\"name\":\"Home\",\"item\":\"http:\/\/pibborski.pl\/\"},{\"@type\":\"ListItem\",\"position\":2,\"name\":\"Home\",\"item\":\"http:\/\/pibborski.pl\/\"},{\"@type\":\"ListItem\",\"position\":3,\"name\":\"Rzut historyczny\"}]}]}<\/script>\n<!-- \/ Yoast SEO plugin. -->","yoast_head_json":{"title":"Rzut historyczny -","robots":{"index":"index","follow":"follow","max-snippet":"max-snippet:-1","max-image-preview":"max-image-preview:large","max-video-preview":"max-video-preview:-1"},"canonical":"http:\/\/pibborski.pl\/?page_id=47","og_locale":"en_US","og_type":"article","og_title":"Rzut historyczny -","og_description":"\u00a030 lat min\u0119\u0142o&#8230; \u00a0 \u00a0 \u00a0 Przedsi\u0119biorstwo Instalacyjno &#8211; Budowlane \u201eBORSKI\u201d zosta\u0142o za\u0142o\u017cone w 1988 roku przez Stanis\u0142awa Borskiego. W zmieniaj\u0105cej si\u0119 rzczywisto\u015bci powsta\u0142o ono w wyniku zapotrzebowanie na \u015bwiadczenie us\u0142ug dotycz\u0105cych budowy nowych i modernizacji isntniej\u0105cych sieci gazowych, ciep\u0142owniczych oraz wodno-kanalizacyjnych.\u00a0 \u00a0 \u00a0 \u00a0 W tamtych czasach zminiaj\u0105ce si\u0119 realia i wzrost wymog\u00f3w bezpiecze\u0144stwa [&hellip;]","og_url":"http:\/\/pibborski.pl\/?page_id=47","article_modified_time":"2022-07-16T20:42:48+00:00","twitter_card":"summary_large_image","twitter_misc":{"Est. reading time":"2 minutes"},"schema":{"@context":"https:\/\/schema.org","@graph":[{"@type":"WebSite","@id":"http:\/\/pibborski.pl\/#website","url":"http:\/\/pibborski.pl\/","name":"","description":"","potentialAction":[{"@type":"SearchAction","target":{"@type":"EntryPoint","urlTemplate":"http:\/\/pibborski.pl\/?s={search_term_string}"},"query-input":"required name=search_term_string"}],"inLanguage":"en-US"},{"@type":"WebPage","@id":"http:\/\/pibborski.pl\/?page_id=47","url":"http:\/\/pibborski.pl\/?page_id=47","name":"Rzut historyczny -","isPartOf":{"@id":"http:\/\/pibborski.pl\/#website"},"datePublished":"2022-07-16T20:12:52+00:00","dateModified":"2022-07-16T20:42:48+00:00","breadcrumb":{"@id":"http:\/\/pibborski.pl\/?page_id=47#breadcrumb"},"inLanguage":"en-US","potentialAction":[{"@type":"ReadAction","target":["http:\/\/pibborski.pl\/?page_id=47"]}]},{"@type":"BreadcrumbList","@id":"http:\/\/pibborski.pl\/?page_id=47#breadcrumb","itemListElement":[{"@type":"ListItem","position":1,"name":"Home","item":"http:\/\/pibborski.pl\/"},{"@type":"ListItem","position":2,"name":"Home","item":"http:\/\/pibborski.pl\/"},{"@type":"ListItem","position":3,"name":"Rzut historyczny"}]}]}},"_links":{"self":[{"href":"http:\/\/pibborski.pl\/index.php?rest_route=\/wp\/v2\/pages\/47"}],"collection":[{"href":"http:\/\/pibborski.pl\/index.php?rest_route=\/wp\/v2\/pages"}],"about":[{"href":"http:\/\/pibborski.pl\/index.php?rest_route=\/wp\/v2\/types\/page"}],"author":[{"embeddable":true,"href":"http:\/\/pibborski.pl\/index.php?rest_route=\/wp\/v2\/users\/1"}],"replies":[{"embeddable":true,"href":"http:\/\/pibborski.pl\/index.php?rest_route=%2Fwp%2Fv2%2Fcomments&post=47"}],"version-history":[{"count":6,"href":"http:\/\/pibborski.pl\/index.php?rest_route=\/wp\/v2\/pages\/47\/revisions"}],"predecessor-version":[{"id":83,"href":"http:\/\/pibborski.pl\/index.php?rest_route=\/wp\/v2\/pages\/47\/revisions\/83"}],"up":[{"embeddable":true,"href":"http:\/\/pibborski.pl\/index.php?rest_route=\/wp\/v2\/pages\/44"}],"wp:attachment":[{"href":"http:\/\/pibborski.pl\/index.php?rest_route=%2Fwp%2Fv2%2Fmedia&parent=47"}],"curies":[{"name":"wp","href":"https:\/\/api.w.org\/{rel}","templated":true}]}}